{"id":48,"date":"2021-07-20T11:21:05","date_gmt":"2021-07-20T09:21:05","guid":{"rendered":"http:\/\/lavillaboileux.com\/?page_id=48"},"modified":"2022-03-14T10:19:32","modified_gmt":"2022-03-14T09:19:32","slug":"la-maison","status":"publish","type":"page","link":"https:\/\/lavillaboileux.com\/index.php\/la-maison\/","title":{"rendered":"La Maison"},"content":{"rendered":"\t\t<div data-elementor-type=\"wp-page\" data-elementor-id=\"48\" class=\"elementor elementor-48\">\n\t\t\t\t\t\t\t\t\t<section class=\"elementor-section elementor-top-section elementor-element elementor-element-1bac4fc elementor-section-boxed elementor-section-height-default elementor-section-height-default wpr-particle-no wpr-jarallax-no wpr-parallax-no wpr-sticky-section-no\" data-id=\"1bac4fc\" data-element_type=\"section\">\n\t\t\t\t\t\t<div class=\"elementor-container elementor-column-gap-default\">\n\t\t\t\t\t<div class=\"elementor-column elementor-col-100 elementor-top-column elementor-element elementor-element-c777bee\" data-id=\"c777bee\" data-element_type=\"column\">\n\t\t\t<div class=\"elementor-widget-wrap\">\n\t\t\t\t\t\t\t\t\t<\/div>\n\t\t<\/div>\n\t\t\t\t\t\t\t<\/div>\n\t\t<\/section>\n\t\t\t\t<section class=\"elementor-section elementor-top-section elementor-element elementor-element-67be8ab elementor-section-boxed elementor-section-height-default elementor-section-height-default wpr-particle-no wpr-jarallax-no wpr-parallax-no wpr-sticky-section-no\" data-id=\"67be8ab\" data-element_type=\"section\">\n\t\t\t\t\t\t<div class=\"elementor-container elementor-column-gap-default\">\n\t\t\t\t\t<div class=\"elementor-column elementor-col-50 elementor-top-column elementor-element elementor-element-3ea69bb\" data-id=\"3ea69bb\" data-element_type=\"column\">\n\t\t\t<div class=\"elementor-widget-wrap elementor-element-populated\">\n\t\t\t\t\t\t\t\t<div class=\"elementor-element elementor-element-0be7830 elementor-widget elementor-widget-heading\" data-id=\"0be7830\" data-element_type=\"widget\" data-widget_type=\"heading.default\">\n\t\t\t\t<div class=\"elementor-widget-container\">\n\t\t\t<style>\/*! elementor - v3.11.5 - 14-03-2023 *\/\n.elementor-heading-title{padding:0;margin:0;line-height:1}.elementor-widget-heading .elementor-heading-title[class*=elementor-size-]>a{color:inherit;font-size:inherit;line-height:inherit}.elementor-widget-heading .elementor-heading-title.elementor-size-small{font-size:15px}.elementor-widget-heading .elementor-heading-title.elementor-size-medium{font-size:19px}.elementor-widget-heading .elementor-heading-title.elementor-size-large{font-size:29px}.elementor-widget-heading .elementor-heading-title.elementor-size-xl{font-size:39px}.elementor-widget-heading .elementor-heading-title.elementor-size-xxl{font-size:59px}<\/style><h1 class=\"elementor-heading-title elementor-size-default\">D\u00e9couvrez notre belle colocation<br>\u00e0 5 min \u00e0 pied du Centre de Lille<\/h1>\t\t<\/div>\n\t\t\t\t<\/div>\n\t\t\t\t<div class=\"elementor-element elementor-element-387f808 elementor-widget elementor-widget-text-editor\" data-id=\"387f808\" data-element_type=\"widget\" data-widget_type=\"text-editor.default\">\n\t\t\t\t<div class=\"elementor-widget-container\">\n\t\t\t<style>\/*! elementor - v3.11.5 - 14-03-2023 *\/\n.elementor-widget-text-editor.elementor-drop-cap-view-stacked .elementor-drop-cap{background-color:#818a91;color:#fff}.elementor-widget-text-editor.elementor-drop-cap-view-framed .elementor-drop-cap{color:#818a91;border:3px solid;background-color:transparent}.elementor-widget-text-editor:not(.elementor-drop-cap-view-default) .elementor-drop-cap{margin-top:8px}.elementor-widget-text-editor:not(.elementor-drop-cap-view-default) .elementor-drop-cap-letter{width:1em;height:1em}.elementor-widget-text-editor .elementor-drop-cap{float:left;text-align:center;line-height:1;font-size:50px}.elementor-widget-text-editor .elementor-drop-cap-letter{display:inline-block}<\/style>\t\t\t\t<div id=\"bgLayers_comp-jnodarss8\" class=\"_3wnIc\" data-hook=\"bgLayers\"><div id=\"bgMedia_comp-jnodarss8\" class=\"_2GUhU\">\u00a0<span style=\"font-size: 15px; letter-spacing: 0px;\">En plein c\u0153ur de ville de <strong>Lille<\/strong>\u00a0 \u00e0 proximit\u00e9 de tous les\u00a0commerces, du parc Vauban, de la\u00a0station de m\u00e9tro R\u00e9publique et des grands axes routiers.<\/span><\/div><\/div>\t\t\t\t\t\t<\/div>\n\t\t\t\t<\/div>\n\t\t\t\t\t<\/div>\n\t\t<\/div>\n\t\t\t\t<div class=\"elementor-column elementor-col-50 elementor-top-column elementor-element elementor-element-cabed13\" data-id=\"cabed13\" data-element_type=\"column\">\n\t\t\t<div class=\"elementor-widget-wrap elementor-element-populated\">\n\t\t\t\t\t\t\t\t<div class=\"elementor-element elementor-element-1e08b1d elementor-widget elementor-widget-image\" data-id=\"1e08b1d\" data-element_type=\"widget\" data-widget_type=\"image.default\">\n\t\t\t\t<div class=\"elementor-widget-container\">\n\t\t\t<style>\/*! elementor - v3.11.5 - 14-03-2023 *\/\n.elementor-widget-image{text-align:center}.elementor-widget-image a{display:inline-block}.elementor-widget-image a img[src$=\".svg\"]{width:48px}.elementor-widget-image img{vertical-align:middle;display:inline-block}<\/style>\t\t\t\t\t\t\t\t\t\t\t\t<img width=\"861\" height=\"610\" src=\"https:\/\/lavillaboileux.com\/wp-content\/uploads\/2021\/09\/Capture-decran-2021-09-21-122230.png\" class=\"attachment-large size-large wp-image-350\" alt=\"Map - Coliving- Lille\" loading=\"lazy\" srcset=\"https:\/\/lavillaboileux.com\/wp-content\/uploads\/2021\/09\/Capture-decran-2021-09-21-122230.png 861w, https:\/\/lavillaboileux.com\/wp-content\/uploads\/2021\/09\/Capture-decran-2021-09-21-122230-300x213.png 300w, https:\/\/lavillaboileux.com\/wp-content\/uploads\/2021\/09\/Capture-decran-2021-09-21-122230-768x544.png 768w\" sizes=\"(max-width: 861px) 100vw, 861px\" \/>\t\t\t\t\t\t\t\t\t\t\t\t\t\t\t<\/div>\n\t\t\t\t<\/div>\n\t\t\t\t\t<\/div>\n\t\t<\/div>\n\t\t\t\t\t\t\t<\/div>\n\t\t<\/section>\n\t\t\t\t<section class=\"elementor-section elementor-top-section elementor-element elementor-element-fc9639a elementor-section-boxed elementor-section-height-default elementor-section-height-default wpr-particle-no wpr-jarallax-no wpr-parallax-no wpr-sticky-section-no\" data-id=\"fc9639a\" data-element_type=\"section\">\n\t\t\t\t\t\t<div class=\"elementor-container elementor-column-gap-default\">\n\t\t\t\t\t<div class=\"elementor-column elementor-col-100 elementor-top-column elementor-element elementor-element-7ef1f12\" data-id=\"7ef1f12\" data-element_type=\"column\">\n\t\t\t<div class=\"elementor-widget-wrap elementor-element-populated\">\n\t\t\t\t\t\t\t\t<section class=\"elementor-section elementor-inner-section elementor-element elementor-element-c503e48 elementor-section-boxed elementor-section-height-default elementor-section-height-default wpr-particle-no wpr-jarallax-no wpr-parallax-no wpr-sticky-section-no\" data-id=\"c503e48\" data-element_type=\"section\">\n\t\t\t\t\t\t<div class=\"elementor-container elementor-column-gap-default\">\n\t\t\t\t\t<div class=\"elementor-column elementor-col-50 elementor-inner-column elementor-element elementor-element-0dbead6\" data-id=\"0dbead6\" data-element_type=\"column\">\n\t\t\t<div class=\"elementor-widget-wrap elementor-element-populated\">\n\t\t\t\t\t\t\t\t<div class=\"elementor-element elementor-element-b435563 elementor-hidden-mobile elementor-widget elementor-widget-image\" data-id=\"b435563\" data-element_type=\"widget\" data-widget_type=\"image.default\">\n\t\t\t\t<div class=\"elementor-widget-container\">\n\t\t\t\t\t\t\t\t\t\t\t\t\t\t\t<img src=\"https:\/\/lavillaboileux.com\/wp-content\/uploads\/elementor\/thumbs\/Salle-a-manger-Co-living-min-phnybv97ooshho1ofmj8s0pvhnmd2fgthxyoi1i658.jpg\" title=\"Salle \u00e0 manger Co-living-min\" alt=\"Salle \u00e0 manger Co-living-min\" loading=\"lazy\" \/>\t\t\t\t\t\t\t\t\t\t\t\t\t\t\t<\/div>\n\t\t\t\t<\/div>\n\t\t\t\t\t<\/div>\n\t\t<\/div>\n\t\t\t\t<div class=\"elementor-column elementor-col-50 elementor-inner-column elementor-element elementor-element-21685fd\" data-id=\"21685fd\" data-element_type=\"column\">\n\t\t\t<div class=\"elementor-widget-wrap elementor-element-populated\">\n\t\t\t\t\t\t\t\t<div class=\"elementor-element elementor-element-8216f45 elementor-widget elementor-widget-heading\" data-id=\"8216f45\" data-element_type=\"widget\" data-widget_type=\"heading.default\">\n\t\t\t\t<div class=\"elementor-widget-container\">\n\t\t\t<h2 class=\"elementor-heading-title elementor-size-default\">Les espaces communs<\/h2>\t\t<\/div>\n\t\t\t\t<\/div>\n\t\t\t\t<div class=\"elementor-element elementor-element-8dcb8f4 elementor-widget elementor-widget-text-editor\" data-id=\"8dcb8f4\" data-element_type=\"widget\" data-widget_type=\"text-editor.default\">\n\t\t\t\t<div class=\"elementor-widget-container\">\n\t\t\t\t\t\t\t<p>Ils se composent d&rsquo;une vaste salle \u00e0 manger, d&rsquo;un salon, d&rsquo;un espace de Co-working, d&rsquo;une cuisine fonctionnelle et d&rsquo;une buanderie.\u00a0<\/p><p>Confortables et spacieux, ils sont faits pour favoriser\u00a0la convivialit\u00e9\u00a0au sein de<a href=\"https:\/\/lavillaboileux.com\/index.php\/photod\/\"><span style=\"text-decoration: underline;\"><strong> la\u00a0maison<\/strong><\/span><\/a> tout en pr\u00e9servant des espaces d&rsquo;intimit\u00e9.\u00a0<\/p><p>La <strong><span style=\"text-decoration: underline;\"><a href=\"https:\/\/lavillaboileux.com\/index.php\/photod\/\">maison <\/a><\/span><\/strong>poss\u00e8de aussi une cave avec 3 espaces :<\/p><ul><li>Salle de cin\u00e9ma<\/li><li>Salle de sport et Sauna<\/li><li>Espace privatis\u00e9 pour recevoir des amis<\/li><\/ul>\t\t\t\t\t\t<\/div>\n\t\t\t\t<\/div>\n\t\t\t\t<div class=\"elementor-element elementor-element-6264ec3 elementor-hidden-desktop elementor-widget elementor-widget-image\" data-id=\"6264ec3\" data-element_type=\"widget\" data-widget_type=\"image.default\">\n\t\t\t\t<div class=\"elementor-widget-container\">\n\t\t\t\t\t\t\t\t\t\t\t\t\t\t\t<img src=\"https:\/\/lavillaboileux.com\/wp-content\/uploads\/elementor\/thumbs\/Salle-a-manger-Co-living-min-phnybv97ooshho1ofmj8s0pvhnmd2fgthxyoi1i658.jpg\" title=\"Salle \u00e0 manger Co-living-min\" alt=\"Salle \u00e0 manger Co-living-min\" loading=\"lazy\" \/>\t\t\t\t\t\t\t\t\t\t\t\t\t\t\t<\/div>\n\t\t\t\t<\/div>\n\t\t\t\t\t<\/div>\n\t\t<\/div>\n\t\t\t\t\t\t\t<\/div>\n\t\t<\/section>\n\t\t\t\t\t<\/div>\n\t\t<\/div>\n\t\t\t\t\t\t\t<\/div>\n\t\t<\/section>\n\t\t\t\t<section class=\"elementor-section elementor-top-section elementor-element elementor-element-6c81fb5 elementor-section-boxed elementor-section-height-default elementor-section-height-default wpr-particle-no wpr-jarallax-no wpr-parallax-no wpr-sticky-section-no\" data-id=\"6c81fb5\" data-element_type=\"section\">\n\t\t\t\t\t\t<div class=\"elementor-container elementor-column-gap-default\">\n\t\t\t\t\t<div class=\"elementor-column elementor-col-50 elementor-top-column elementor-element elementor-element-e2be1aa\" data-id=\"e2be1aa\" data-element_type=\"column\">\n\t\t\t<div class=\"elementor-widget-wrap elementor-element-populated\">\n\t\t\t\t\t\t\t\t<div class=\"elementor-element elementor-element-3e44df1 elementor-widget elementor-widget-heading\" data-id=\"3e44df1\" data-element_type=\"widget\" data-widget_type=\"heading.default\">\n\t\t\t\t<div class=\"elementor-widget-container\">\n\t\t\t<h2 class=\"elementor-heading-title elementor-size-default\">Les chambres du Coliving<span style=\"font-family: var( --e-global-typography-primary-font-family ), Sans-serif; font-size: 36px; font-weight: var( --e-global-typography-primary-font-weight ); letter-spacing: 0px;\"><\/span><br><\/h2>\t\t<\/div>\n\t\t\t\t<\/div>\n\t\t\t\t<div class=\"elementor-element elementor-element-ad34b95 elementor-widget elementor-widget-text-editor\" data-id=\"ad34b95\" data-element_type=\"widget\" data-widget_type=\"text-editor.default\">\n\t\t\t\t<div class=\"elementor-widget-container\">\n\t\t\t\t\t\t\t<p class=\"font_8\"><a href=\"https:\/\/lavillaboileux.com\/index.php\/coliving\/\"><span style=\"text-decoration: underline;\"><b>12 chambres <\/b><\/span><\/a>confortables de\u00a0<b>17\u00a0\u00e0 26m2<\/b>, toutes \u00e9quip\u00e9es de leur<b>\u00a0salle de bains et WC privatifs.\u00a0<\/b><\/p><p class=\"font_8\">Toutes sont meubl\u00e9es vous n&rsquo;avez plus qu&rsquo;\u00e0 poser vos valises.<\/p><ul class=\"font_9\"><li><p class=\"font_9\">Lit avec rangement<\/p><\/li><li><p class=\"font_9\">Matelas, oreillers et couette de qualit\u00e9 sup\u00e9rieure<\/p><\/li><li><p class=\"font_9\">M\u00e9nage en option<\/p><\/li><\/ul>\t\t\t\t\t\t<\/div>\n\t\t\t\t<\/div>\n\t\t\t\t\t<\/div>\n\t\t<\/div>\n\t\t\t\t<div class=\"elementor-column elementor-col-50 elementor-top-column elementor-element elementor-element-2159b95\" data-id=\"2159b95\" data-element_type=\"column\">\n\t\t\t<div class=\"elementor-widget-wrap elementor-element-populated\">\n\t\t\t\t\t\t\t\t<div class=\"elementor-element elementor-element-d17be04 elementor-widget elementor-widget-image\" data-id=\"d17be04\" data-element_type=\"widget\" data-widget_type=\"image.default\">\n\t\t\t\t<div class=\"elementor-widget-container\">\n\t\t\t\t\t\t\t\t\t\t\t\t\t\t\t<img src=\"https:\/\/lavillaboileux.com\/wp-content\/uploads\/elementor\/thumbs\/2021-12-Villa-Boileux-001-min-phny9p8lxftoq17036t7j2em6oawbjv3j7tdo2puho.jpg\" title=\"Chambre Coliving Lille\" alt=\"Lille - Coliving\" loading=\"lazy\" \/>\t\t\t\t\t\t\t\t\t\t\t\t\t\t\t<\/div>\n\t\t\t\t<\/div>\n\t\t\t\t\t<\/div>\n\t\t<\/div>\n\t\t\t\t\t\t\t<\/div>\n\t\t<\/section>\n\t\t\t\t<section class=\"elementor-section elementor-top-section elementor-element elementor-element-b751a75 elementor-section-boxed elementor-section-height-default elementor-section-height-default wpr-particle-no wpr-jarallax-no wpr-parallax-no wpr-sticky-section-no\" data-id=\"b751a75\" data-element_type=\"section\">\n\t\t\t\t\t\t<div class=\"elementor-container elementor-column-gap-default\">\n\t\t\t\t\t<div class=\"elementor-column elementor-col-50 elementor-top-column elementor-element elementor-element-eb8bef9\" data-id=\"eb8bef9\" data-element_type=\"column\">\n\t\t\t<div class=\"elementor-widget-wrap elementor-element-populated\">\n\t\t\t\t\t\t\t\t<div class=\"elementor-element elementor-element-223f2c9 elementor-hidden-tablet elementor-hidden-mobile elementor-widget elementor-widget-image\" data-id=\"223f2c9\" data-element_type=\"widget\" data-widget_type=\"image.default\">\n\t\t\t\t<div class=\"elementor-widget-container\">\n\t\t\t\t\t\t\t\t\t\t\t\t\t\t\t<img src=\"https:\/\/lavillaboileux.com\/wp-content\/uploads\/elementor\/thumbs\/2021-11-Maison-Boileux-030-pftj59t99c7kwbad75y7e31f49guprxarcmr82bzac.jpg\" title=\"Cabane Coliving Lille\" alt=\"Lille - Coliving\" loading=\"lazy\" \/>\t\t\t\t\t\t\t\t\t\t\t\t\t\t\t<\/div>\n\t\t\t\t<\/div>\n\t\t\t\t\t<\/div>\n\t\t<\/div>\n\t\t\t\t<div class=\"elementor-column elementor-col-50 elementor-top-column elementor-element elementor-element-86ebadb\" data-id=\"86ebadb\" data-element_type=\"column\">\n\t\t\t<div class=\"elementor-widget-wrap elementor-element-populated\">\n\t\t\t\t\t\t\t\t<div class=\"elementor-element elementor-element-d4dea6f elementor-widget elementor-widget-heading\" data-id=\"d4dea6f\" data-element_type=\"widget\" data-widget_type=\"heading.default\">\n\t\t\t\t<div class=\"elementor-widget-container\">\n\t\t\t<h2 class=\"elementor-heading-title elementor-size-default\">Un jardin en plein coeur de Lille<\/h2>\t\t<\/div>\n\t\t\t\t<\/div>\n\t\t\t\t<div class=\"elementor-element elementor-element-0d5701a elementor-widget elementor-widget-text-editor\" data-id=\"0d5701a\" data-element_type=\"widget\" data-widget_type=\"text-editor.default\">\n\t\t\t\t<div class=\"elementor-widget-container\">\n\t\t\t\t\t\t\t<div class=\"elementor-background-overlay\">Superbe <a href=\"https:\/\/lavillaboileux.com\/index.php\/photod\/\"><strong>jardin <\/strong><\/a>avec une grande terrasse, barbecue et une petite cabane nich\u00e9e au fond du jardin<\/div><div>\u00a0<\/div><div>\u00a0<\/div><div class=\"elementor-background-overlay\">\u00a0<\/div><div id=\"\" class=\"elementor-element elementor-element-edit-mode elementor-element-51bbba9 elementor-element--toggle-edit-tools elementor-widget elementor-widget-heading\" data-id=\"51bbba9\" data-element_type=\"widget\" data-model-cid=\"c115\" data-widget_type=\"heading.default\"><div class=\"elementor-widget-container\"><div id=\"\" class=\"elementor-element elementor-element-edit-mode elementor-element-51bbba9 elementor-element--toggle-edit-tools elementor-widget elementor-widget-heading\" data-id=\"51bbba9\" data-element_type=\"widget\" data-model-cid=\"c115\" data-widget_type=\"heading.default\"><div class=\"elementor-element-overlay\">\u00a0<\/div><\/div><\/div><\/div>\t\t\t\t\t\t<\/div>\n\t\t\t\t<\/div>\n\t\t\t\t<div class=\"elementor-element elementor-element-e5b5785 elementor-hidden-desktop elementor-widget elementor-widget-image\" data-id=\"e5b5785\" data-element_type=\"widget\" data-widget_type=\"image.default\">\n\t\t\t\t<div class=\"elementor-widget-container\">\n\t\t\t\t\t\t\t\t\t\t\t\t\t\t\t<img src=\"https:\/\/lavillaboileux.com\/wp-content\/uploads\/elementor\/thumbs\/2021-11-Maison-Boileux-030-1-pftn8k4u5ru24ncg5bwolf0m2tidudn5ccordxy6as.jpg\" title=\"MAISON BOILEUX\" alt=\"MAISON BOILEUX\" loading=\"lazy\" \/>\t\t\t\t\t\t\t\t\t\t\t\t\t\t\t<\/div>\n\t\t\t\t<\/div>\n\t\t\t\t\t<\/div>\n\t\t<\/div>\n\t\t\t\t\t\t\t<\/div>\n\t\t<\/section>\n\t\t\t\t\t\t\t<\/div>\n\t\t","protected":false},"excerpt":{"rendered":"<p>D\u00e9couvrez notre belle colocation\u00e0 5 min \u00e0 pied du Centre de Lille \u00a0En plein c\u0153ur de ville de Lille\u00a0 \u00e0 proximit\u00e9 de tous les\u00a0commerces, du parc Vauban, de la\u00a0station de m\u00e9tro R\u00e9publique et des grands axes routiers. Les espaces communs Ils se composent d&rsquo;une vaste salle \u00e0 manger, d&rsquo;un salon, d&rsquo;un espace de Co-working, d&rsquo;une cuisine fonctionnelle et d&rsquo;une buanderie.\u00a0 Confortables et spacieux, ils sont faits pour favoriser\u00a0la convivialit\u00e9\u00a0au sein de la\u00a0maison tout en pr\u00e9servant des espaces d&rsquo;intimit\u00e9.\u00a0 La maison poss\u00e8de aussi une cave avec 3 espaces : Salle de cin\u00e9ma Salle de sport et Sauna Espace privatis\u00e9 pour recevoir des amis Les chambres du Coliving 12 chambres confortables de\u00a017\u00a0\u00e0 26m2, toutes \u00e9quip\u00e9es de leur\u00a0salle de bains et WC privatifs.\u00a0 Toutes sont meubl\u00e9es vous n&rsquo;avez plus qu&rsquo;\u00e0 poser vos valises. Lit avec rangement Matelas, oreillers et couette de qualit\u00e9 sup\u00e9rieure M\u00e9nage en option Un jardin en plein coeur de Lille Superbe jardin avec une grande terrasse, barbecue et une petite cabane nich\u00e9e au fond du jardin\u00a0\u00a0\u00a0\u00a0<\/p>\n","protected":false},"author":1,"featured_media":0,"parent":0,"menu_order":0,"comment_status":"closed","ping_status":"closed","template":"","meta":[],"yoast_head":"<!-- This site is optimized with the Yoast SEO plugin v17.8 - https:\/\/yoast.com\/wordpress\/plugins\/seo\/ -->\n<title>La Villa Boileux - Colocation de luxe dans une maison atypique<\/title>\n<meta name=\"description\" content=\"La villa Boileux est un coliving situ\u00e9 au coeur de Lille qui dispose de grands espaces communs (Co-working, Salle de sport, Sauna et salle de cin\u00e9)\" \/>\n<meta name=\"robots\" content=\"index, follow, max-snippet:-1, max-image-preview:large, max-video-preview:-1\" \/>\n<link rel=\"canonical\" href=\"https:\/\/lavillaboileux.com\/index.php\/la-maison\/\" \/>\n<meta property=\"og:locale\" content=\"fr_FR\" \/>\n<meta property=\"og:type\" content=\"article\" \/>\n<meta property=\"og:title\" content=\"La Villa Boileux - Colocation de luxe dans une maison atypique\" \/>\n<meta property=\"og:description\" content=\"La villa Boileux est un coliving situ\u00e9 au coeur de Lille qui dispose de grands espaces communs (Co-working, Salle de sport, Sauna et salle de cin\u00e9)\" \/>\n<meta property=\"og:url\" content=\"https:\/\/lavillaboileux.com\/index.php\/la-maison\/\" \/>\n<meta property=\"og:site_name\" content=\"La Villa Boileux\" \/>\n<meta property=\"article:modified_time\" content=\"2022-03-14T09:19:32+00:00\" \/>\n<meta property=\"og:image\" content=\"https:\/\/lavillaboileux.com\/wp-content\/uploads\/2021\/09\/Capture-decran-2021-09-21-122230.png\" \/>\n<meta name=\"twitter:card\" content=\"summary_large_image\" \/>\n<meta name=\"twitter:label1\" content=\"Dur\u00e9e de lecture estim\u00e9e\" \/>\n\t<meta name=\"twitter:data1\" content=\"3 minutes\" \/>\n<script type=\"application\/ld+json\" class=\"yoast-schema-graph\">{\"@context\":\"https:\/\/schema.org\",\"@graph\":[{\"@type\":\"WebSite\",\"@id\":\"https:\/\/lavillaboileux.com\/#website\",\"url\":\"https:\/\/lavillaboileux.com\/\",\"name\":\"La Villa Boileux\",\"description\":\"\",\"potentialAction\":[{\"@type\":\"SearchAction\",\"target\":{\"@type\":\"EntryPoint\",\"urlTemplate\":\"https:\/\/lavillaboileux.com\/?s={search_term_string}\"},\"query-input\":\"required name=search_term_string\"}],\"inLanguage\":\"fr-FR\"},{\"@type\":\"ImageObject\",\"@id\":\"https:\/\/lavillaboileux.com\/index.php\/la-maison\/#primaryimage\",\"inLanguage\":\"fr-FR\",\"url\":\"https:\/\/lavillaboileux.com\/wp-content\/uploads\/2021\/09\/Capture-decran-2021-09-21-122230.png\",\"contentUrl\":\"https:\/\/lavillaboileux.com\/wp-content\/uploads\/2021\/09\/Capture-decran-2021-09-21-122230.png\",\"width\":861,\"height\":610,\"caption\":\"Map - Coliving- Lille\"},{\"@type\":\"WebPage\",\"@id\":\"https:\/\/lavillaboileux.com\/index.php\/la-maison\/#webpage\",\"url\":\"https:\/\/lavillaboileux.com\/index.php\/la-maison\/\",\"name\":\"La Villa Boileux - Colocation de luxe dans une maison atypique\",\"isPartOf\":{\"@id\":\"https:\/\/lavillaboileux.com\/#website\"},\"primaryImageOfPage\":{\"@id\":\"https:\/\/lavillaboileux.com\/index.php\/la-maison\/#primaryimage\"},\"datePublished\":\"2021-07-20T09:21:05+00:00\",\"dateModified\":\"2022-03-14T09:19:32+00:00\",\"description\":\"La villa Boileux est un coliving situ\\u00e9 au coeur de Lille qui dispose de grands espaces communs (Co-working, Salle de sport, Sauna et salle de cin\\u00e9)\",\"breadcrumb\":{\"@id\":\"https:\/\/lavillaboileux.com\/index.php\/la-maison\/#breadcrumb\"},\"inLanguage\":\"fr-FR\",\"potentialAction\":[{\"@type\":\"ReadAction\",\"target\":[\"https:\/\/lavillaboileux.com\/index.php\/la-maison\/\"]}]},{\"@type\":\"BreadcrumbList\",\"@id\":\"https:\/\/lavillaboileux.com\/index.php\/la-maison\/#breadcrumb\",\"itemListElement\":[{\"@type\":\"ListItem\",\"position\":1,\"name\":\"Accueil\",\"item\":\"https:\/\/lavillaboileux.com\/\"},{\"@type\":\"ListItem\",\"position\":2,\"name\":\"La Maison\"}]}]}<\/script>\n<!-- \/ Yoast SEO plugin. -->","yoast_head_json":{"title":"La Villa Boileux - Colocation de luxe dans une maison atypique","description":"La villa Boileux est un coliving situ\u00e9 au coeur de Lille qui dispose de grands espaces communs (Co-working, Salle de sport, Sauna et salle de cin\u00e9)","robots":{"index":"index","follow":"follow","max-snippet":"max-snippet:-1","max-image-preview":"max-image-preview:large","max-video-preview":"max-video-preview:-1"},"canonical":"https:\/\/lavillaboileux.com\/index.php\/la-maison\/","og_locale":"fr_FR","og_type":"article","og_title":"La Villa Boileux - Colocation de luxe dans une maison atypique","og_description":"La villa Boileux est un coliving situ\u00e9 au coeur de Lille qui dispose de grands espaces communs (Co-working, Salle de sport, Sauna et salle de cin\u00e9)","og_url":"https:\/\/lavillaboileux.com\/index.php\/la-maison\/","og_site_name":"La Villa Boileux","article_modified_time":"2022-03-14T09:19:32+00:00","og_image":[{"url":"https:\/\/lavillaboileux.com\/wp-content\/uploads\/2021\/09\/Capture-decran-2021-09-21-122230.png"}],"twitter_card":"summary_large_image","twitter_misc":{"Dur\u00e9e de lecture estim\u00e9e":"3 minutes"},"schema":{"@context":"https:\/\/schema.org","@graph":[{"@type":"WebSite","@id":"https:\/\/lavillaboileux.com\/#website","url":"https:\/\/lavillaboileux.com\/","name":"La Villa Boileux","description":"","potentialAction":[{"@type":"SearchAction","target":{"@type":"EntryPoint","urlTemplate":"https:\/\/lavillaboileux.com\/?s={search_term_string}"},"query-input":"required name=search_term_string"}],"inLanguage":"fr-FR"},{"@type":"ImageObject","@id":"https:\/\/lavillaboileux.com\/index.php\/la-maison\/#primaryimage","inLanguage":"fr-FR","url":"https:\/\/lavillaboileux.com\/wp-content\/uploads\/2021\/09\/Capture-decran-2021-09-21-122230.png","contentUrl":"https:\/\/lavillaboileux.com\/wp-content\/uploads\/2021\/09\/Capture-decran-2021-09-21-122230.png","width":861,"height":610,"caption":"Map - Coliving- Lille"},{"@type":"WebPage","@id":"https:\/\/lavillaboileux.com\/index.php\/la-maison\/#webpage","url":"https:\/\/lavillaboileux.com\/index.php\/la-maison\/","name":"La Villa Boileux - Colocation de luxe dans une maison atypique","isPartOf":{"@id":"https:\/\/lavillaboileux.com\/#website"},"primaryImageOfPage":{"@id":"https:\/\/lavillaboileux.com\/index.php\/la-maison\/#primaryimage"},"datePublished":"2021-07-20T09:21:05+00:00","dateModified":"2022-03-14T09:19:32+00:00","description":"La villa Boileux est un coliving situ\u00e9 au coeur de Lille qui dispose de grands espaces communs (Co-working, Salle de sport, Sauna et salle de cin\u00e9)","breadcrumb":{"@id":"https:\/\/lavillaboileux.com\/index.php\/la-maison\/#breadcrumb"},"inLanguage":"fr-FR","potentialAction":[{"@type":"ReadAction","target":["https:\/\/lavillaboileux.com\/index.php\/la-maison\/"]}]},{"@type":"BreadcrumbList","@id":"https:\/\/lavillaboileux.com\/index.php\/la-maison\/#breadcrumb","itemListElement":[{"@type":"ListItem","position":1,"name":"Accueil","item":"https:\/\/lavillaboileux.com\/"},{"@type":"ListItem","position":2,"name":"La Maison"}]}]}},"_links":{"self":[{"href":"https:\/\/lavillaboileux.com\/index.php\/wp-json\/wp\/v2\/pages\/48"}],"collection":[{"href":"https:\/\/lavillaboileux.com\/index.php\/wp-json\/wp\/v2\/pages"}],"about":[{"href":"https:\/\/lavillaboileux.com\/index.php\/wp-json\/wp\/v2\/types\/page"}],"author":[{"embeddable":true,"href":"https:\/\/lavillaboileux.com\/index.php\/wp-json\/wp\/v2\/users\/1"}],"replies":[{"embeddable":true,"href":"https:\/\/lavillaboileux.com\/index.php\/wp-json\/wp\/v2\/comments?post=48"}],"version-history":[{"count":219,"href":"https:\/\/lavillaboileux.com\/index.php\/wp-json\/wp\/v2\/pages\/48\/revisions"}],"predecessor-version":[{"id":1095,"href":"https:\/\/lavillaboileux.com\/index.php\/wp-json\/wp\/v2\/pages\/48\/revisions\/1095"}],"wp:attachment":[{"href":"https:\/\/lavillaboileux.com\/index.php\/wp-json\/wp\/v2\/media?parent=48"}],"curies":[{"name":"wp","href":"https:\/\/api.w.org\/{rel}","templated":true}]}}